306?
18
Calculate the highest common divisor of 22 and 202.
2
Calculate the greatest common factor of 122 and 14.
2
Calculate the greatest common divisor of 79 and 869.
79
What is the highest common divisor of 2727 and 27?
27
Calculate the greatest common divisor of 74 and 111.
37
What is the highest common divisor of 15 and 1335?
15
What is the highest common divisor of 8 and 14984?
8
Calculate the greatest common divisor of 10 and 80.
10
Calculate the highest common divisor of 77 and 77.
77
Calculate the greatest common factor of 940 and 160.
20
What is the highest common factor of 1197 and 252?
63
What is the highest common factor of 17 and 17?
17
What is the highest common divisor of 221 and 17?
17
What is the highest common divisor of 15 and 69?
3
Calculate the greatest common divisor of 87 and 3.
3
What is the highest common factor of 40 and 260?
20
Calculate the greatest common divisor of 450 and 270.
90
Calculate the greatest common factor of 871 and 4154.
67
What is the highest common factor of 63 and 483?
21
Calculate the highest common divisor of 120 and 75.
15
What is the highest common factor of 82 and 8938?
82
What is the highest common factor of 2210 and 1560?
130
Calculate the highest common divisor of 225 and 1500.
75
Calculate the highest common factor of 11 and 1397.
11
Calculate the greatest common factor of 4 and 6.
2
Calculate the greatest common divisor of 21 and 1029.
21
Calculate the highest common factor of 68 and 20.
4
What is the highest common divisor of 29 and 1?
1
What is the highest common divisor of 152 and 24?
8
What is the highest common factor of 11583 and 324?
81
What is the greatest common factor of 60 and 25000?
20
Calculate the greatest common divisor of 144 and 900.
36
What is the greatest common factor of 80 and 9040?
80
What is the greatest common factor of 1173 and 759?
69
What is the highest common divisor of 768 and 12?
12
Calculate the greatest common factor of 60 and 220.
20
What is the highest common divisor of 27756 and 24?
12
Calculate the highest common divisor of 6 and 864.
6
Calculate the greatest common divisor of 42 and 1337.
7
Calculate the greatest common divisor of 138 and 184.
46
Calculate the greatest common factor of 10719 and 54.
27
Calculate the highest common divisor of 553 and 112.
7
Calculate the greatest common factor of 59 and 59.
59
What is the highest common divisor of 4118 and 71?
71
Calculate the highest common factor of 70 and 350.
70
Calculate the highest common factor of 103 and 412.
103
Calculate the highest common divisor of 297 and 165.
33
Calculate the highest common divisor of 35 and 14.
7
What is the greatest common divisor of 69 and 123?
3
What is the greatest common divisor of 130 and 715?
65
What is the highest common factor of 9 and 12?
3
Calculate the highest common divisor of 8140 and 8.
4
Calculate the greatest common divisor of 308 and 140.
28
What is the highest common divisor of 36 and 2520?
36
What is the highest common divisor of 2354 and 22?
22
Calculate the highest common factor of 6 and 243.
3
What is the greatest common divisor of 423 and 18?
9
What is the greatest common divisor of 268 and 3685?
67
What is the highest common factor of 280 and 56?
56
Calculate the highest common divisor of 24 and 2316.
12
What is the highest common divisor of 25 and 325?
25
Calculate the greatest common factor of 377 and 145.
29
What is the greatest common factor of 700 and 16?
4
Calculate the greatest common divisor of 324 and 220.
4
Calculate the highest common divisor of 2665 and 650.
65
Calculate the highest common factor of 576 and 8784.
144
What is the greatest common factor of 160 and 360?
40
What is the greatest common divisor of 2 and 923?
1
What is the greatest common divisor of 896 and 112?
112
What is the highest common divisor of 7667 and 374?
187
What is the highest common divisor of 126 and 324?
18
What is the highest common divisor of 154 and 110?
22
What is the highest common factor of 106 and 265?
53
What is the highest common divisor of 1152 and 18?
18
What is the highest common divisor of 99600 and 200?
200
What is the greatest common factor of 6 and 12?
6
What is the greatest common factor of 250 and 30?
10
Calculate the highest common divisor of 965 and 10808.
193
Calculate the greatest common factor of 763 and 545.
109
What is the greatest common divisor of 168 and 6768?
24
Calculate the greatest common divisor of 1728 and 3186.
54
What is the highest common factor of 156 and 3952?
52
Calculate the greatest common factor of 185 and 21.
1
Calculate the highest common divisor of 18 and 342.
18
What is the greatest common divisor of 16 and 38?
2
What is the highest common factor of 49 and 6076?
49
What is the highest common divisor of 21 and 525?
21
Calculate the greatest common divisor of 85 and 5.
5
What is the greatest common divisor of 1040 and 20?
20
What is the greatest common divisor of 57 and 1824?
57
What is the greatest common divisor of 175 and 182?
7
What is the highest common divisor of 20 and 1010?
10
Calculate the greatest common factor of 3168 and 64.
32
Calculate the highest common factor of 24 and 152.
8
What is the greatest common factor of 322 and 184?
46
What is the greatest common divisor of 1336 and 56?
8
What is the greatest common factor of 621 and 27?
27
What is the greatest common factor of 88 and 143?
11
What is the greatest common divisor of 309 and 15?
3
Calculate the highest common divisor of 165 and 21.
3
What is the highest common divisor of 8659 and 7?
7
What is the greatest common factor of 18 and 6471?
9
What is the highest common divisor of 340 and 50?
10
Calculate the greatest common divisor of 29 and 29.
29
What is the highest common divisor of 99 and 2508?
33
What is the highest common factor of 618 and 412?
206
What is the highest common factor of 15 and 4680?
15
Calculate the greatest common divisor of 27 and 2223.
9
Calculate the highest common factor of 84 and 192.
12
What is the highest common divisor of 12631 and 102?
17
Calculate the highest common factor of 8 and 536.
8
Calculate the greatest common factor of 2405 and 156.
13
Calculate the greatest common divisor of 3300 and 2244.
132
Calculate the highest common divisor of 10965 and 170.
85
Calculate the highest common factor of 2 and 219.
1
Calculate the highest common factor of 40 and 540.
20
What is the greatest common factor of 12 and 588?
12
What is the greatest common factor of 483 and 14?
7
What is the greatest common divisor of 376 and 47?
47
What is the greatest common factor of 243 and 387?
9
Calculate the highest common factor of 195 and 4065.
15
What is the highest common factor of 152 and 32?
8
Calculate the greatest common factor of 60 and 240.
60
What is the greatest common factor of 12 and 87?
3
What is the highest common divisor of 63 and 261?
9
Calculate the greatest common factor of 6420 and 255.
15
What is the greatest common divisor of 6444 and 12?
12
What is the greatest common factor of 16 and 216?
8
What is the highest common divisor of 42 and 1449?
21
What is the greatest common divisor of 1157 and 481?
13
What is the highest common factor of 420 and 14196?
84
What is the highest common divisor of 252 and 336?
84
What is the greatest common divisor of 429 and 1677?
39
What is the greatest common factor of 294 and 105?
21
What is the highest common divisor of 26 and 126?
2
Calculate the greatest common divisor of 70 and 1190.
70
Calculate the greatest common factor of 107 and 4173.
107
Calculate the highest common factor of 147 and 84.
21
Calculate the greatest common factor of 6075 and 75.
75
Calculate the highest common divisor of 11250 and 90.
90
Calculate the greatest common divisor of 320 and 30.
10
Calculate the highest common factor of 856 and 10486.
214
What is the highest common divisor of 36 and 4?
4
Calculate the greatest common divisor of 119 and 1700.
17
What is the greatest common factor of 2301 and 295?
59
What is the highest common divisor of 74 and 74?
74
Calculate the greatest common factor of 12818 and 78.
26
What is the greatest common factor of 10 and 3570?
10
Calculate the greatest common divisor of 416 and 156.
52
Calculate the highest common factor of 136 and 51.
17
Calculate the highest common